{"id":18,"date":"2021-06-03T13:42:25","date_gmt":"2021-06-03T11:42:25","guid":{"rendered":"https:\/\/www.heinrich-bussmann-schule.de\/?page_id=18"},"modified":"2022-02-09T14:46:16","modified_gmt":"2022-02-09T13:46:16","slug":"berufsorientierung","status":"publish","type":"page","link":"https:\/\/heinrich-bussmann-schule.de\/?page_id=18","title":{"rendered":"Berufsorientierung"},"content":{"rendered":"<p><img fetchpriority=\"high\" decoding=\"async\" class=\"alignnone size-full wp-image-1159\" src=\"https:\/\/heinrich-bussmann-schule.de\/wp-content\/uploads\/2021\/08\/Berufsorientierung-01-scaled.jpg\" alt=\"\" width=\"2560\" height=\"1696\" srcset=\"https:\/\/heinrich-bussmann-schule.de\/wp-content\/uploads\/2021\/08\/Berufsorientierung-01-scaled.jpg 2560w, https:\/\/heinrich-bussmann-schule.de\/wp-content\/uploads\/2021\/08\/Berufsorientierung-01-300x199.jpg 300w, https:\/\/heinrich-bussmann-schule.de\/wp-content\/uploads\/2021\/08\/Berufsorientierung-01-1024x678.jpg 1024w, https:\/\/heinrich-bussmann-schule.de\/wp-content\/uploads\/2021\/08\/Berufsorientierung-01-768x509.jpg 768w, https:\/\/heinrich-bussmann-schule.de\/wp-content\/uploads\/2021\/08\/Berufsorientierung-01-1536x1017.jpg 1536w, https:\/\/heinrich-bussmann-schule.de\/wp-content\/uploads\/2021\/08\/Berufsorientierung-01-2048x1356.jpg 2048w, https:\/\/heinrich-bussmann-schule.de\/wp-content\/uploads\/2021\/08\/Berufsorientierung-01-660x437.jpg 660w, https:\/\/heinrich-bussmann-schule.de\/wp-content\/uploads\/2021\/08\/Berufsorientierung-01-1000x662.jpg 1000w, https:\/\/heinrich-bussmann-schule.de\/wp-content\/uploads\/2021\/08\/Berufsorientierung-01-373x248.jpg 373w\" sizes=\"(max-width: 2560px) 100vw, 2560px\" \/><\/p>\n<p class=\"intro\">Die Heinrich-Bu\u00dfmann-Schule hat sich zum Ziel gesetzt, die Ausbildungsf\u00e4higkeit der Sch\u00fcler:innen bestm\u00f6glich zu f\u00f6rdern und die Schulabg\u00e4nger:innen auf das Leben nach der Schule vorzubereiten.<\/p>\n<p><span class=\"dropcap\">S<\/span>o schaffen Klassenlehrer:innen und Studien- und Berufswahlkoordinator:innen (StuBOs) schulisch die Verbindung zu externen Bildungstr\u00e4gern. Die Arbeitsagenturen \u00fcbernehmen die regionalen Angebote und die Berufseinstiegsbegleiter helfen Sch\u00fcler:innen bei der Orientierung und bei der Arbeitsplatzsuche. In allen Prozessen sind die Eltern mit beteiligt.<\/p>\n<p>Unsere Sch\u00fcler:innen profitieren von einer Vielzahl von Projekten zur Berufsorientierung au\u00dferschulischer Kooperationen und Lernpartnerschaften.<\/p>\n<p>Die Lehrer:innen aller F\u00e4cher arbeiten gemeinsam daran, die Ausbildungsf\u00e4higkeit und Ausbildungsreife der Sch\u00fcler:innen zu erreichen. Die Entwicklung wichtiger Kompetenzen, wie die Teamf\u00e4higkeit, Disziplin, Konflikt- und Kritikf\u00e4higkeit, Selbstst\u00e4ndigkeit und Verantwortung sind entscheidende Punkte unserer Arbeit mit den Jugendlichen.<br \/>\n<strong><br \/>\nStudien- und Berufswahlkoordinator:innen (StuBOs)<\/strong><\/p>\n<p class=\"intro\">Die StuBos wirken dabei mit, die Berufliche Orientierung in der Schule dauerhaft zu verankern. Somit ergeben sich f\u00fcr die Berufsorientierung an der Heinrich-Bu\u00dfmann-Schule folgende Schwerpunkte:<\/p>\n<ul>\n<li>Bef\u00e4higung zur professionellen Ausbildungsplatzsuche durch Unterst\u00fctzung von Berufseinstiegsbegleiter und der Arbeitsagentur<\/li>\n<li>Verbesserung der Motivation f\u00fcr einen guten Schulabschluss durch zus\u00e4tzlich erm\u00f6glichte Praktika auch w\u00e4hrend der Unterrichtszeit und au\u00dferhalb der regul\u00e4ren Praktikazeiten<\/li>\n<li>Entwicklung oben genannter Kompetenzen u.a. in Team-Trainings-Camps, bei der Streitschlichtung, im Sanit\u00e4tsdienst, in der SV-Arbeit,<\/li>\n<li>individuelle, st\u00e4rkenorientierte und eigenverantwortliche Auseinandersetzung mit dem Berufswahlprozess ab Klasse 5 ( Technikunterricht u.a.)<\/li>\n<li>Erkennen der eigenen St\u00e4rken und Interessen<\/li>\n<li>Sammlung praktischer und handwerklicher Erfahrungen durch projektbezogenes Arbeiten<\/li>\n<li>Erweiterung des Berufswahlspektrums durch Infoabende mit Vertretern aus der Berufswelt<\/li>\n<li>individuelle Laufbahnberatung<\/li>\n<li>Pers\u00f6nlichkeitsentwicklung durch Projekt &#8211; und Kreativtage<\/li>\n<li>Lebensplanung &#8211; Bew\u00e4ltigung der Zukunft im Bereich WP &#8211; Jungenarbeit &#8211; Girls-Day\/ Boys-Day<\/li>\n<li>Angebot von Qualifizierungsm\u00f6glichkeiten, die bei der Suche nach einem Ausbildungsplatz wettbewerbsf\u00e4hig machen (Kompetenzcheck, Bewerbungstraining)<\/li>\n<li>Orientierung in der Berufswelt durch angeleitete Berufsfelderkundung (Selbstst\u00e4ndigkeit)<\/li>\n<li>EVA &#8211; Auswertung der Praktikumsmappe hinsichtlich einer kritischen Auseinandersetzung<\/li>\n<li>F\u00f6rderung eines kontinuierlichen Berufsfindungsprozesses<\/li>\n<li>Vernetzung und kooperatives Arbeiten mit au\u00dferschulischen Partnern<\/li>\n<li>intensives Bewerbungstraining<\/li>\n<li>Verhaltenstraining &#8211; &#8222;Knigge&#8220; vor den Praktika<\/li>\n<\/ul>\n<p><strong>Kontakt<\/strong><br \/>\n<strong>Frau Schuchtmann<\/strong><br \/>\n<a href=\"&#109;&#x61;&#105;&#x6c;&#116;&#x6f;:&#x53;t&#x75;B&#111;&#x40;&#98;&#x75;&#115;&#x73;&#109;&#x61;n&#x6e;s&#x63;h&#117;&#x6c;&#101;&#x2e;&#100;&#x65;\">&#x53;t&#x75;&#66;&#x6f;&#64;&#x62;&#x75;s&#x73;&#109;&#x61;&#110;&#x6e;&#115;c&#x68;&#117;&#x6c;&#101;&#x2e;&#100;e<\/a><\/p>\n<p><img decoding=\"async\" src=\"https:\/\/heinrich-bussmann-schule.de\/wp-content\/uploads\/2022\/02\/Informationen.jpg\" alt=\"\" width=\"1280\" height=\"960\" class=\"alignnone size-full wp-image-2682\" srcset=\"https:\/\/heinrich-bussmann-schule.de\/wp-content\/uploads\/2022\/02\/Informationen.jpg 1280w, https:\/\/heinrich-bussmann-schule.de\/wp-content\/uploads\/2022\/02\/Informationen-330x248.jpg 330w, https:\/\/heinrich-bussmann-schule.de\/wp-content\/uploads\/2022\/02\/Informationen-1024x768.jpg 1024w, https:\/\/heinrich-bussmann-schule.de\/wp-content\/uploads\/2022\/02\/Informationen-768x576.jpg 768w, https:\/\/heinrich-bussmann-schule.de\/wp-content\/uploads\/2022\/02\/Informationen-660x495.jpg 660w, https:\/\/heinrich-bussmann-schule.de\/wp-content\/uploads\/2022\/02\/Informationen-1000x750.jpg 1000w\" sizes=\"(max-width: 1280px) 100vw, 1280px\" \/><\/p>\n<p><strong>Liebe Sch\u00fcler:innen &#8211; Jobsuche auf Jobb\u00f6rse.de<\/strong><br \/>\nDu findest auf <a href=\"http:\/\/Jobb\u00f6rse.de\">Jobb\u00f6rse.de<\/a> zahlreiche Angebote zu den Themen <a href=\"https:\/\/www.jobb\u00f6rse-stellenangebote.de\/berufsbereich\/\">Berufsorientierung <\/a>(wie Gehaltsangaben oder T\u00e4tigkeiten im jeweiligen Beruf) und der Stellen- und <a href=\"https:\/\/www.jobb\u00f6rse-stellenangebote.de\/ausbildung\/\">Ausbildungsplatzsuche<\/a>.<br \/>\nBei der Ausbildungsplatzsuche findest Du betriebliche und schulische Ausbildungen.<br \/>\nAlso solche, die nur in berufsbildenden Schulen gelehrt werden.<br \/>\nDu willst in die Richtung von <a href=\"https:\/\/www.jobb\u00f6rse-stellenangebote.de\/berufsbereich\/design-architektur-kultur\/\">Design <\/a>gehen, weil Du dich kreativ verwirklichen willst?<br \/>\nVielleicht liegt Dir das Zeichnen aber auch nicht und Du willst lieber einen <a href=\"https:\/\/www.jobb\u00f6rse-stellenangebote.de\/berufsbereich\/finanzwesen-steuern\/\">kaufm\u00e4nnischen Beruf<\/a> lernen, wie den <a href=\"https:\/\/www.jobb\u00f6rse-stellenangebote.de\/jobs-steuerfachangestellte\/\">Steuerfachangestellten <\/a>oder Industriekaufmann. Zu all diesen <a href=\"https:\/\/www.jobb\u00f6rse.de\/berufe\/\">Berufen <\/a>(und mehr) findest Du Informationen und Ausbildungspl\u00e4tze auf <a href=\"http:\/\/Jobb\u00f6rse.de\">Jobb\u00f6rse.de<\/a>.<\/p>\n<p>Ausbildung finden:<br \/>\n<a href=\"https:\/\/www.jobb\u00f6rse-stellenangebote.de\/ausbildung\">https:\/\/www.jobb\u00f6rse-stellenangebote.de\/ausbildung<\/a><br \/>\nPraktikum finden:<br \/>\n<a href=\"https:\/\/www.jobb\u00f6rse-stellenangebote.de\/praktikum\">https:\/\/www.jobb\u00f6rse-stellenangebote.de\/praktikum<\/a><br \/>\nBerufsorientierung:<br \/>\n<a href=\"https:\/\/www.jobb\u00f6rse-stellenangebote.de\/jobs\/berufsfeld\">https:\/\/www.jobb\u00f6rse-stellenangebote.de\/jobs\/berufsfeld<\/a><br \/>\nStellenangebote:<br \/>\n<a href=\"https:\/\/www.jobb\u00f6rse.de\">https:\/\/www.jobb\u00f6rse.de<\/a><\/p>\n","protected":false},"excerpt":{"rendered":"<p>Die Heinrich-Bu\u00dfmann-Schule hat sich zum Ziel gesetzt, die Ausbildungsf\u00e4higkeit der Sch\u00fcler:innen bestm\u00f6glich zu f\u00f6rdern und die Schulabg\u00e4nger:innen auf das Leben nach der Schule vorzubereiten. So schaffen Klassenlehrer:innen und Studien- und&hellip; <a class=\"excerpt-more-link\" href=\"https:\/\/heinrich-bussmann-schule.de\/?page_id=18\">Weiterlesen<\/a><\/p>\n","protected":false},"author":2,"featured_media":0,"parent":11,"menu_order":5,"comment_status":"closed","ping_status":"closed","template":"","meta":{"ngg_post_thumbnail":0,"footnotes":""},"class_list":["post-18","page","type-page","status-publish","hentry"],"_links":{"self":[{"href":"https:\/\/heinrich-bussmann-schule.de\/index.php?rest_route=\/wp\/v2\/pages\/18","targetHints":{"allow":["GET"]}}],"collection":[{"href":"https:\/\/heinrich-bussmann-schule.de\/index.php?rest_route=\/wp\/v2\/pages"}],"about":[{"href":"https:\/\/heinrich-bussmann-schule.de\/index.php?rest_route=\/wp\/v2\/types\/page"}],"author":[{"embeddable":true,"href":"https:\/\/heinrich-bussmann-schule.de\/index.php?rest_route=\/wp\/v2\/users\/2"}],"replies":[{"embeddable":true,"href":"https:\/\/heinrich-bussmann-schule.de\/index.php?rest_route=%2Fwp%2Fv2%2Fcomments&post=18"}],"version-history":[{"count":9,"href":"https:\/\/heinrich-bussmann-schule.de\/index.php?rest_route=\/wp\/v2\/pages\/18\/revisions"}],"predecessor-version":[{"id":2685,"href":"https:\/\/heinrich-bussmann-schule.de\/index.php?rest_route=\/wp\/v2\/pages\/18\/revisions\/2685"}],"up":[{"embeddable":true,"href":"https:\/\/heinrich-bussmann-schule.de\/index.php?rest_route=\/wp\/v2\/pages\/11"}],"wp:attachment":[{"href":"https:\/\/heinrich-bussmann-schule.de\/index.php?rest_route=%2Fwp%2Fv2%2Fmedia&parent=18"}],"curies":[{"name":"wp","href":"https:\/\/api.w.org\/{rel}","templated":true}]}}