{"id":3,"date":"2021-06-03T11:13:52","date_gmt":"2021-06-03T09:13:52","guid":{"rendered":"https:\/\/www.heinrich-bussmann-schule.de\/?page_id=3"},"modified":"2021-09-12T13:25:55","modified_gmt":"2021-09-12T11:25:55","slug":"datenschutzerklaerung","status":"publish","type":"page","link":"https:\/\/heinrich-bussmann-schule.de\/?page_id=3","title":{"rendered":"Datenschutzerkl\u00e4rung"},"content":{"rendered":"<p><img fetchpriority=\"high\" decoding=\"async\" class=\"aligncenter size-large wp-image-1218\" src=\"https:\/\/heinrich-bussmann-schule.de\/wp-content\/uploads\/2021\/08\/Impressum-1024x683.jpg\" alt=\"\" width=\"660\" height=\"440\" srcset=\"https:\/\/heinrich-bussmann-schule.de\/wp-content\/uploads\/2021\/08\/Impressum-1024x683.jpg 1024w, https:\/\/heinrich-bussmann-schule.de\/wp-content\/uploads\/2021\/08\/Impressum-300x200.jpg 300w, https:\/\/heinrich-bussmann-schule.de\/wp-content\/uploads\/2021\/08\/Impressum-768x512.jpg 768w, https:\/\/heinrich-bussmann-schule.de\/wp-content\/uploads\/2021\/08\/Impressum-1536x1024.jpg 1536w, https:\/\/heinrich-bussmann-schule.de\/wp-content\/uploads\/2021\/08\/Impressum-2048x1365.jpg 2048w, https:\/\/heinrich-bussmann-schule.de\/wp-content\/uploads\/2021\/08\/Impressum-660x440.jpg 660w, https:\/\/heinrich-bussmann-schule.de\/wp-content\/uploads\/2021\/08\/Impressum-1000x667.jpg 1000w, https:\/\/heinrich-bussmann-schule.de\/wp-content\/uploads\/2021\/08\/Impressum-373x248.jpg 373w\" sizes=\"(max-width: 660px) 100vw, 660px\" \/><\/p>\n<p><strong>Verantwortliche gem. Art. 4 Abs. 7 EU-Datenschutz-Grundverordnung (EU-DSGVO) sind:<\/strong><\/p>\n<p><strong>Heinrich-Bu\u00dfmann-Schule L\u00fcnen<\/strong><br \/>\n&#8211; vertreten durch die Schulleiterin Melanie Froch &#8211;<br \/>\nBebelstra\u00dfe 54<br \/>\n44532 L\u00fcnen<br \/>\nTelefon: 02306 20 60 27<br \/>\nTelefax: 02306 30 83 68<br \/>\neMail: 148544 [at] schule.nrw.de<br \/>\nInternet: <a href=\"https:\/\/heinrich-bussmann-schule.de\" rel=\"noopener\" target=\"_blank\">https:\/\/heinrich-bussmann-schule.de<\/a><\/p>\n<p><strong>Schultr\u00e4ger Stadt L\u00fcnen<\/strong><br \/>\n-vertreten durch den B\u00fcrgermeister J\u00fcrgen Kleine-Frauns-<br \/>\nWilly-Brandt-Platz 1<br \/>\n44532 L\u00fcnen<br \/>\nFon: 02306 \u2013 104 0<br \/>\nFax: 02306 \u2013 104 14 604<br \/>\nEmail: info [at] luenen.de<br \/>\n<a href=\"https:\/\/www.luenen.de\" rel=\"noopener\" target=\"_blank\">www.luenen.de<\/a><\/p>\n<p><strong>Schulamt als Schulaufsichtsbeh\u00f6rde<br \/>\nSchulamt f\u00fcr den Kreis Unna<\/strong><br \/>\nSchulaufsichtsbezirk V<br \/>\n-vertreten durch den Schulamtsdirektor Berthold Potts-<br \/>\nParkstr. 40b<br \/>\n59425 Unna<br \/>\nFon: 02303 \u2013 27 21 40<br \/>\nEmail: berthold.potts [at] kreis-unna.de<br \/>\n<a href=\"http:\/\/www.kreis-unna.de\" rel=\"noopener\" target=\"_blank\">www.kreis-unna.de<\/a><\/p>\n<p><strong>Datenschutzbeauftragter<\/strong><br \/>\nSie erreichen den Datenschutzbeauftragten im Schulamt f\u00fcr den Kreis Unna unter:<\/p>\n<p>Tobias Heiburg<br \/>\nDatenschutzbeauftragter f\u00fcr die Schulen im Kreis Unna<br \/>\nSchulamt Kreis Unna<br \/>\nParkstr. 42<br \/>\n59425 Unna<br \/>\nTel. 02303 \u2013 27 15 48<br \/>\nE-Mail: datenschutzbeauftragter.schulamt [at] kreis-unna.de<\/p>\n<p><strong>Informationen \u00fcber die Erhebung personenbezogener Daten, Speicherdauer<\/strong><\/p>\n<ul>\n<li>Im Folgenden informieren wir \u00fcber die Erhebung personenbezogener Daten bei Nutzung unserer Website. Personenbezogene Daten sind alle Daten, die auf Sie pers\u00f6nlich beziehbar sind, z. B. Name, Adresse, E-Mail-Adressen, Nutzerverhalten.<\/li>\n<li>Bei Ihrer Kontaktaufnahme mit uns per E-Mail oder \u00fcber ein Kontaktformular werden die von Ihnen mitgeteilten Daten (Ihre E-Mail-Adresse, ggf. Ihr Name und Ihre Telefonnummer) von uns gespeichert, um Ihre Fragen zu beantworten. Die in diesem Zusammenhang anfallenden Daten l\u00f6schen wir, nachdem die Speicherung nicht mehr erforderlich ist, oder schr\u00e4nken die Verarbeitung ein, falls gesetzliche Aufbewahrungspflichten bestehen.<\/li>\n<li>Falls wir f\u00fcr einzelne Funktionen unseres Angebots auf beauftragte Dienstleister zur\u00fcckgreifen oder Ihre Daten f\u00fcr werbliche Zwecke nutzen m\u00f6chten, werden wir Sie untenstehend im Detail \u00fcber die jeweiligen Vorg\u00e4nge informieren. Dabei nennen wir auch die festgelegten Kriterien der Speicherdauer.<\/li>\n<\/ul>\n<p><strong>Ihre Rechte<\/strong><\/p>\n<p>Hinsichtlich der Sie betreffenden personenbezogenen Daten, die auf dieser Webseite verarbeitet werden, haben Sie uns gegen\u00fcber folgende Rechte:<\/p>\n<ul>\n<li>Recht auf Auskunft,<\/li>\n<li>Recht auf Berichtigung oder L\u00f6schung,<\/li>\n<li>Recht auf Einschr\u00e4nkung der Verarbeitung,<\/li>\n<li>Recht auf Widerspruch gegen die Verarbeitung,<\/li>\n<li>Recht auf Daten\u00fcbertragbarkeit.<\/li>\n<\/ul>\n<p>Sie haben zudem das Recht, sich bei einer Datenschutz-Aufsichtsbeh\u00f6rde \u00fcber die Verarbeitung Ihrer personenbezogenen Daten durch uns zu beschweren.<\/p>\n<p>Landesbeauftragte f\u00fcr Datenschutz und Informationsfreiheit<br \/>\nNordrhein-Westfalen<br \/>\nPostfach 20 04 44<br \/>\n40102 D\u00fcsseldorf<br \/>\nTel.: 0211\/38424-0<br \/>\nFax: 0211\/38424-10<br \/>\nE-Mail: poststelle [at] ldi.nrw.de<\/p>\n<p><strong>Sicherheit: SSL-Verschl\u00fcsselung<\/strong><\/p>\n<p>Aus Gr\u00fcnden der Sicherheit und zum Schutz der \u00dcbertragung vertraulicher Inhalte, wie zum Beispiel der Anfragen, die Sie an uns als Seitenbetreiber senden, nutzt diese Seite eine SSL-Verschl\u00fcsselung. Eine verschl\u00fcsselte Verbindung erkennen Sie daran, dass die Adresszeile des Browsers von \u201ehttp:\/\/\u201c auf \u201ehttps:\/\/\u201c wechselt und an dem Schloss-Symbol in der Adresszeile Ihres Browsers. Wenn die SSL Verschl\u00fcsselung aktiviert ist, k\u00f6nnen die Daten, die Sie an uns \u00fcbermitteln, nicht von Dritten mitgelesen werden.<\/p>\n<p><strong>Erhebung und Zweck personenbezogener Daten bei Besuch unserer Website<\/strong><\/p>\n<p><strong>Server Log Dateien<\/strong><\/p>\n<p>Bei der blo\u00df informatorischen Nutzung der Website, also wenn Sie sich nicht registrieren oder uns anderweitig Informationen \u00fcbermitteln, erheben wir nur die personenbezogenen Daten, die Ihr Browser an unseren Server \u00fcbermittelt. Wenn Sie unsere Website betrachten m\u00f6chten, erheben wir die folgenden Daten, die f\u00fcr uns technisch erforderlich sind, um Ihnen unsere Website anzuzeigen und die Stabilit\u00e4t und Sicherheit zu gew\u00e4hrleisten (Rechtsgrundlage ist Art. 6 Abs. 1 S. 1 lit. f EU-DSGVO):<\/p>\n<ul>\n<li>IP-Adresse<\/li>\n<li>Datum und Uhrzeit der Anfrage<\/li>\n<li>Zeitzonendifferenz zur Greenwich Mean Time (GMT)<\/li>\n<li>Inhalt der Anforderung (konkrete Seite)<\/li>\n<li>Zugriffsstatus\/HTTP-Statuscode<\/li>\n<li>jeweils \u00fcbertragene Datenmenge<\/li>\n<li>Website, von der die Anforderung kommt<\/li>\n<li>Browser<\/li>\n<li>Betriebssystem und dessen Oberfl\u00e4che<\/li>\n<li>Sprache und Version der Browsersoftware<\/li>\n<\/ul>\n<p><strong>Cookies<\/strong><\/p>\n<p>Zus\u00e4tzlich zu den zuvor genannten Daten werden bei Ihrer Nutzung unserer Website Cookies auf Ihrem Rechner gespeichert. Bei Cookies handelt es sich um kleine Textdateien, die auf Ihrer Festplatte dem von Ihnen verwendeten Browser zugeordnet gespeichert werden und durch welche der Stelle, die den Cookie setzt (hier durch uns), bestimmte Informationen zuflie\u00dfen. Cookies k\u00f6nnen keine Programme ausf\u00fchren oder Viren auf Ihren Computer \u00fcbertragen. Sie dienen dazu, das Internetangebot insgesamt nutzerfreundlicher und effektiver zu machen.<\/p>\n<p>Es werden dabei folgende Arten von Cookies verwendet:<\/p>\n<ol>\n<li>Diese Website nutzt folgende Arten von Cookies, deren Umfang und Funktionsweise im Folgenden erl\u00e4utert werden:<br \/>\nTransiente Cookies (dazu 2)<br \/>\nPersistente Cookies (dazu 3).<\/li>\n<li>Transiente Cookies werden automatisiert gel\u00f6scht, wenn Sie den Browser schlie\u00dfen. Dazu z\u00e4hlen insbesondere die Session-Cookies. Diese speichern eine sogenannte Session-ID, mit welcher sich verschiedene Anfragen Ihres Browsers der gemeinsamen Sitzung zuordnen lassen. Dadurch kann Ihr Rechner wiedererkannt werden, wenn Sie auf unsere Website zur\u00fcckkehren. Die Session-Cookies werden gel\u00f6scht, wenn Sie sich ausloggen oder den Browser schlie\u00dfen.<\/li>\n<li>Persistente Cookies werden automatisiert nach einer vorgegebenen Dauer gel\u00f6scht, die sich je nach Cookie unterscheiden kann. Sie k\u00f6nnen die Cookies in den Sicherheitseinstellungen Ihres Browsers jederzeit l\u00f6schen.<\/li>\n<li>Sie k\u00f6nnen Ihre Browser-Einstellung entsprechend Ihren W\u00fcnschen konfigurieren und z. B. die Annahme von Third-Party-Cookies oder allen Cookies ablehnen. Wir weisen Sie darauf hin, dass Sie eventuell nicht alle Funktionen dieser Website nutzen k\u00f6nnen.<\/li>\n<\/ol>\n<p><strong>Kontaktformular<\/strong><\/p>\n<p>Wenn Sie uns per Kontaktformular Anfragen zukommen lassen, werden Ihre Angaben aus dem Anfrageformular inklusive der von Ihnen dort angegebenen Kontaktdaten zwecks Bearbeitung der Anfrage und f\u00fcr den Fall von Anschlussfragen bei uns gespeichert. Diese Daten geben wir nicht ohne Ihre Einwilligung weiter. Die gespeicherten Informationen werden gel\u00f6scht, sobald die Bearbeitung Ihre Anfrage abgeschlossen wurde.<\/p>\n<p><strong>Video \u2013 YouTube<\/strong><\/p>\n<p>Auf unserer Seite verwenden wir Youtube Videos, um \u00fcber das Schulleben zu berichten und im Rahmen des Flipped Classroom zus\u00e4tzliche Lernangebote f\u00fcr den Unterricht und das Lernen zu Hause bereitzustellen. Da es nicht m\u00f6glich ist, die Videos lokal auf unserem Server zu hosten, nutzen wir das Angebot von YouTube, einem Drittanbieter. Technisch bedingt kommt es durch die Einbindung von YouTube Videos zu Aufrufen der Server von YouTube. An den YouTube-Server werden dabei Daten Ihres Browsers bzw. Ihres Endger\u00e4tes \u00fcbermittelt. Es wird dabei auch \u00fcbermittelt, welche unserer Internetseiten Sie besucht haben. Sind Sie dabei als Mitglied bei YouTube eingeloggt, ordnet YouTube diese Information Ihrem pers\u00f6nlichen Benutzerkonto zu. Sie k\u00f6nnen diese Zuordnung verhindern, indem Sie sich vor der Nutzung unserer Internetseite aus Ihrem YouTube-Benutzerkonto sowie anderen Benutzerkonten der Firmen YouTube LLC und Google Inc. abmelden und die entsprechenden Cookies der Firmen l\u00f6schen.<br \/>\nF\u00fcr die mit dem Abspielen eines Videos verbundene Verwendung von Daten Ihres Browsers bzw. Endger\u00e4tes verweisen wir auf die Datenschutzhinweise des Anbieters. Weitere Informationen zur Datenverarbeitung und Hinweise zum Datenschutz durch YouTube (Google) finden Sie unter <a href=\"http:\/\/www.google.de\/intl\/de\/policies\/privacy\/\" rel=\"noopener\" target=\"_blank\">www.google.de\/intl\/de\/policies\/privacy\/<\/a>.<\/p>\n<p><strong>Google Fonts<\/strong><\/p>\n<p>Unsere Homepage verwendet zur Darstellung der Schrift sogenannte Webfonts. Bereitgestellt werden diese von Google (<a href=\"http:\/\/www.google.com\/webfonts\/\" rel=\"noopener\" target=\"_blank\">http:\/\/www.google.com\/webfonts\/<\/a>). Beim Aufrufen unserer Website l\u00e4dt Ihr Browser die ben\u00f6tigten Webfonts von einem Google Server in Ihren Browsercache, wobei Informationen aus Ihrem Browser an Google zur\u00fcckflie\u00dfen. Durch die Google Webfonts kann Ihr Browser eine optisch verbesserte Darstellung unserer Texte anzeigen. Falls Ihr Browser diese Funktion nicht unterst\u00fctzt, wird eine Standardschrift von Ihrem Computer geladen und zur Anzeige des Textes genutzt. Die Funktion ist uns durch den Websiteanbieter vorgegeben und kann nicht deaktiviert werden.<br \/>\nWeitergehende Informationen zu Google Webfonts finden Sie unter <a href=\"https:\/\/developers.google.com\/fonts\/faq?hl=de-DE&#038;csw=1\" rel=\"noopener\" target=\"_blank\">https:\/\/developers.google.com\/fonts\/faq?hl=de-DE&amp;csw=1<\/a><br \/>\nAllgemeine Informationen zum Thema Datenschutz bei Google finden sie unter <a href=\"http:\/\/www.google.com\/intl\/de-DE\/policies\/privacy\/\" rel=\"noopener\" target=\"_blank\">http:\/\/www.google.com\/intl\/de-DE\/policies\/privacy\/<\/a><br \/>\n<strong>E-Mail<\/strong><\/p>\n<p>Wenn Sie unsere Schule \u00fcber eine der auf der Homepage angegebenen E-Mail Adressen kontaktieren, werden die Daten der E-Mail von uns gespeichert, bis die Bearbeitung Ihrer Anfrage abgeschlossen ist. Bitte beachten Sie, dass per E-Mail \u00fcber das Internet verschickte Daten ohne Verschl\u00fcsselung nicht vor der unbefugten Kenntnisnahme durch Dritte gesch\u00fctzt sind. F\u00fcr die \u00dcbermittlung vertraulicher Informationen bitten wir Sie in Ihrem Interesse, eine andere Kommunikationsform zu w\u00e4hlen.<\/p>\n<p><strong>Widerspruch Werbe-Mails<\/strong><\/p>\n<p>Wir widersprechen hiermit ausdr\u00fccklich der Nutzung von im Rahmen der Impressumspflicht ver\u00f6ffentlichten Kontaktdaten zur \u00dcbersendung von nicht ausdr\u00fccklich angeforderter Werbung und Informationsmaterialien. Im Falle einer unverlangten Zusendung von Werbeinformationen, etwa durch Spam-E-Mails, behalten sich die Betreiber dieser Seiten ausdr\u00fccklich rechtliche Schritte vor.<\/p>\n<p><strong>Vermeidung von Rechtsstreitigkeiten<\/strong><\/p>\n<p>Im Falle der Geltendmachung von Anspr\u00fcchen jeglicher Art aus urheber-, wettbewerbsrechtlichen sowie markenrechtlichen Angelegenheiten bitten wir, zur Vermeidung unn\u00f6tiger Rechtsstreitigkeiten, Abmahnungen und Kosten, uns umgehend zu kontaktieren. Falls Anspr\u00fcche der oben genannten Art reklamiert werden, sagen wir bereits hier vor einer endg\u00fcltigen rechtsverbindlichen Kl\u00e4rung Abhilfe zu, durch die eine eventuelle Wiederholungsgefahr verbindlich ausgeschlossen ist. Eine dennoch ergehende Kostennote einer anwaltlichen Abmahnung ohne vorhergehende Kontaktaufnahme w\u00fcrde sodann wegen nicht Beachtung einer Schadensminderungspflicht zur\u00fcckgewiesen. Bei in diesem Sinne unn\u00f6tigen bzw. unberechtigten Abmahnungen und Folgema\u00dfnahmen w\u00fcrde mit einer negativen Feststellungsklage beantwortet.Die EU-Kommission stellt eine Plattform f\u00fcr au\u00dfergerichtliche Streitschlichtung bereit. Die Streitbeilegungs-Plattform finden Sie hier: <a href=\"http:\/\/ec.europa.eu\/consumers\/odr\/\" rel=\"noopener\" target=\"_blank\">http:\/\/ec.europa.eu\/consumers\/odr\/<\/a><\/p>\n","protected":false},"excerpt":{"rendered":"<p>Verantwortliche gem. Art. 4 Abs. 7 EU-Datenschutz-Grundverordnung (EU-DSGVO) sind: Heinrich-Bu\u00dfmann-Schule L\u00fcnen &#8211; vertreten durch die Schulleiterin Melanie Froch &#8211; Bebelstra\u00dfe 54 44532 L\u00fcnen Telefon: 02306 20 60 27 Telefax: 02306&hellip; <a class=\"excerpt-more-link\" href=\"https:\/\/heinrich-bussmann-schule.de\/?page_id=3\">Weiterlesen<\/a><\/p>\n","protected":false},"author":1,"featured_media":0,"parent":0,"menu_order":4,"comment_status":"closed","ping_status":"closed","template":"","meta":{"ngg_post_thumbnail":0,"footnotes":""},"class_list":["post-3","page","type-page","status-publish","hentry"],"_links":{"self":[{"href":"https:\/\/heinrich-bussmann-schule.de\/index.php?rest_route=\/wp\/v2\/pages\/3","targetHints":{"allow":["GET"]}}],"collection":[{"href":"https:\/\/heinrich-bussmann-schule.de\/index.php?rest_route=\/wp\/v2\/pages"}],"about":[{"href":"https:\/\/heinrich-bussmann-schule.de\/index.php?rest_route=\/wp\/v2\/types\/page"}],"author":[{"embeddable":true,"href":"https:\/\/heinrich-bussmann-schule.de\/index.php?rest_route=\/wp\/v2\/users\/1"}],"replies":[{"embeddable":true,"href":"https:\/\/heinrich-bussmann-schule.de\/index.php?rest_route=%2Fwp%2Fv2%2Fcomments&post=3"}],"version-history":[{"count":2,"href":"https:\/\/heinrich-bussmann-schule.de\/index.php?rest_route=\/wp\/v2\/pages\/3\/revisions"}],"predecessor-version":[{"id":2212,"href":"https:\/\/heinrich-bussmann-schule.de\/index.php?rest_route=\/wp\/v2\/pages\/3\/revisions\/2212"}],"wp:attachment":[{"href":"https:\/\/heinrich-bussmann-schule.de\/index.php?rest_route=%2Fwp%2Fv2%2Fmedia&parent=3"}],"curies":[{"name":"wp","href":"https:\/\/api.w.org\/{rel}","templated":true}]}}