{"id":3467,"date":"2023-11-23T13:16:03","date_gmt":"2023-11-23T12:16:03","guid":{"rendered":"https:\/\/heinrich-bussmann-schule.de\/?page_id=3467"},"modified":"2023-11-28T09:51:15","modified_gmt":"2023-11-28T08:51:15","slug":"foerderverein","status":"publish","type":"page","link":"https:\/\/heinrich-bussmann-schule.de\/?page_id=3467","title":{"rendered":"F\u00f6rderverein"},"content":{"rendered":"<p>Der F\u00f6rderverein der Heinrich-Bu\u00dfmann-Schule&nbsp;<\/p>\n<p><span class=\"_rmEgn4 _7G5vT4 _Gwmb_O\">Der im Jahr 2023 gegr\u00fcndete F\u00f6rderverein F\u00f6rderverein der Heinrich-Bu\u00dfmann-Schule L\u00fcnen e.v ist ein eingetragener und gemeinn\u00fctziger Verein, der alle im Interesse des Schulbetriebs und des Schullebens f\u00f6rderungsw\u00fcrdigen Anliegen unterst\u00fctzt. <\/span><span class=\"_rmEgn4 _7G5vT4 _Gwmb_O\">Er hat das Ziel, den Schulalltag unserer Kinder reichhaltiger und abwechslungsreicher zu gestalten.<br \/>\n<\/span><\/p>\n<p><a href=\"https:\/\/heinrich-bussmann-schule.de\/wp-content\/uploads\/2023\/11\/Outer-Page.jpg\"><img fetchpriority=\"high\" decoding=\"async\" class=\"alignnone size-medium wp-image-3472\" src=\"https:\/\/heinrich-bussmann-schule.de\/wp-content\/uploads\/2023\/11\/Outer-Page-330x255.jpg\" alt=\"\" width=\"330\" height=\"255\" srcset=\"https:\/\/heinrich-bussmann-schule.de\/wp-content\/uploads\/2023\/11\/Outer-Page-330x255.jpg 330w, https:\/\/heinrich-bussmann-schule.de\/wp-content\/uploads\/2023\/11\/Outer-Page-1024x791.jpg 1024w, https:\/\/heinrich-bussmann-schule.de\/wp-content\/uploads\/2023\/11\/Outer-Page-768x593.jpg 768w, https:\/\/heinrich-bussmann-schule.de\/wp-content\/uploads\/2023\/11\/Outer-Page-1536x1187.jpg 1536w, https:\/\/heinrich-bussmann-schule.de\/wp-content\/uploads\/2023\/11\/Outer-Page-660x510.jpg 660w, https:\/\/heinrich-bussmann-schule.de\/wp-content\/uploads\/2023\/11\/Outer-Page-1000x773.jpg 1000w, https:\/\/heinrich-bussmann-schule.de\/wp-content\/uploads\/2023\/11\/Outer-Page.jpg 2000w\" sizes=\"(max-width: 330px) 100vw, 330px\" \/><\/a> <a href=\"https:\/\/heinrich-bussmann-schule.de\/wp-content\/uploads\/2023\/11\/Inner-Page.jpg\"><img decoding=\"async\" class=\"alignnone size-medium wp-image-3471\" src=\"https:\/\/heinrich-bussmann-schule.de\/wp-content\/uploads\/2023\/11\/Inner-Page-330x255.jpg\" alt=\"\" width=\"330\" height=\"255\" srcset=\"https:\/\/heinrich-bussmann-schule.de\/wp-content\/uploads\/2023\/11\/Inner-Page-330x255.jpg 330w, https:\/\/heinrich-bussmann-schule.de\/wp-content\/uploads\/2023\/11\/Inner-Page-1024x791.jpg 1024w, https:\/\/heinrich-bussmann-schule.de\/wp-content\/uploads\/2023\/11\/Inner-Page-768x593.jpg 768w, https:\/\/heinrich-bussmann-schule.de\/wp-content\/uploads\/2023\/11\/Inner-Page-1536x1187.jpg 1536w, https:\/\/heinrich-bussmann-schule.de\/wp-content\/uploads\/2023\/11\/Inner-Page-660x510.jpg 660w, https:\/\/heinrich-bussmann-schule.de\/wp-content\/uploads\/2023\/11\/Inner-Page-1000x773.jpg 1000w, https:\/\/heinrich-bussmann-schule.de\/wp-content\/uploads\/2023\/11\/Inner-Page.jpg 2000w\" sizes=\"(max-width: 330px) 100vw, 330px\" \/><\/a><\/p>\n<p><span class=\"_rmEgn4 _7G5vT4 _Gwmb_O\"><b>Werden auch Sie Mitglied!<\/b><\/span><\/p>\n<p><span class=\"_rmEgn4 _R4OahG _Gwmb_O\">Unterst\u00fctzen Sie mit Ihrem Mitgliedsbeitrag unseren Verein.&nbsp;<\/span><\/p>\n<p><a href=\"https:\/\/heinrich-bussmann-schule.de\/wp-content\/uploads\/2023\/11\/HBS-Foerderverein-neu-korrektes-Format.pdf\">Flyer und die Beitrittserkl\u00e4rung<\/a><\/p>\n","protected":false},"excerpt":{"rendered":"<p>Der F\u00f6rderverein der Heinrich-Bu\u00dfmann-Schule&nbsp; Der im Jahr 2023 gegr\u00fcndete F\u00f6rderverein F\u00f6rderverein der Heinrich-Bu\u00dfmann-Schule L\u00fcnen e.v ist ein eingetragener und gemeinn\u00fctziger Verein, der alle im Interesse des Schulbetriebs und des Schullebens&hellip; <a class=\"excerpt-more-link\" href=\"https:\/\/heinrich-bussmann-schule.de\/?page_id=3467\">Weiterlesen<\/a><\/p>\n","protected":false},"author":4,"featured_media":0,"parent":0,"menu_order":0,"comment_status":"closed","ping_status":"closed","template":"","meta":{"ngg_post_thumbnail":0,"footnotes":""},"class_list":["post-3467","page","type-page","status-publish","hentry"],"_links":{"self":[{"href":"https:\/\/heinrich-bussmann-schule.de\/index.php?rest_route=\/wp\/v2\/pages\/3467","targetHints":{"allow":["GET"]}}],"collection":[{"href":"https:\/\/heinrich-bussmann-schule.de\/index.php?rest_route=\/wp\/v2\/pages"}],"about":[{"href":"https:\/\/heinrich-bussmann-schule.de\/index.php?rest_route=\/wp\/v2\/types\/page"}],"author":[{"embeddable":true,"href":"https:\/\/heinrich-bussmann-schule.de\/index.php?rest_route=\/wp\/v2\/users\/4"}],"replies":[{"embeddable":true,"href":"https:\/\/heinrich-bussmann-schule.de\/index.php?rest_route=%2Fwp%2Fv2%2Fcomments&post=3467"}],"version-history":[{"count":6,"href":"https:\/\/heinrich-bussmann-schule.de\/index.php?rest_route=\/wp\/v2\/pages\/3467\/revisions"}],"predecessor-version":[{"id":3478,"href":"https:\/\/heinrich-bussmann-schule.de\/index.php?rest_route=\/wp\/v2\/pages\/3467\/revisions\/3478"}],"wp:attachment":[{"href":"https:\/\/heinrich-bussmann-schule.de\/index.php?rest_route=%2Fwp%2Fv2%2Fmedia&parent=3467"}],"curies":[{"name":"wp","href":"https:\/\/api.w.org\/{rel}","templated":true}]}}