{"id":3678,"date":"2024-10-10T10:15:09","date_gmt":"2024-10-10T08:15:09","guid":{"rendered":"https:\/\/heinrich-bussmann-schule.de\/?page_id=3678"},"modified":"2024-11-24T13:35:43","modified_gmt":"2024-11-24T12:35:43","slug":"faecher","status":"publish","type":"page","link":"https:\/\/heinrich-bussmann-schule.de\/?page_id=3678","title":{"rendered":"F\u00e4cher"},"content":{"rendered":"<p><strong>Unsere F\u00e4cher \u2013 Vielf\u00e4ltig und zukunftsorientiert<\/strong><\/p>\n<p>An unserer Schule bieten wir ein breites Spektrum an F\u00e4chern, das die Interessen und Talente unserer Sch\u00fclerinnen und Sch\u00fcler in den Mittelpunkt stellt. Von den klassischen Kernf\u00e4chern wie Mathematik, Deutsch und Naturwissenschaften bis hin zu kreativen und praktischen Bereichen wie Kunst, Musik und Technik, f\u00f6rdern wir sowohl theoretisches Wissen als auch praktische F\u00e4higkeiten. Besonders wichtig ist uns die Vermittlung von Schl\u00fcsselkompetenzen, die unsere Sch\u00fcler optimal auf das Leben und die Berufswelt vorbereite<\/p>\n<p data-wp-editing=\"1\"><a href=\"https:\/\/heinrich-bussmann-schule.de\/?page_id=3743\"><img decoding=\"async\" class=\"alignleft size-full wp-image-3728\" src=\"https:\/\/heinrich-bussmann-schule.de\/wp-content\/uploads\/2024\/10\/Bild8.jpg\" alt=\"\" width=\"150\" height=\"150\"><\/a> <a href=\"https:\/\/heinrich-bussmann-schule.de\/?page_id=3761\"><img decoding=\"async\" class=\"wp-image-3726 size-full alignleft\" src=\"https:\/\/heinrich-bussmann-schule.de\/wp-content\/uploads\/2024\/10\/Bild10.jpg\" alt=\"\" width=\"150\" height=\"150\"><\/a> <a href=\"https:\/\/heinrich-bussmann-schule.de\/?page_id=3751\"><img decoding=\"async\" class=\"alignleft wp-image-3725 size-full\" src=\"https:\/\/heinrich-bussmann-schule.de\/wp-content\/uploads\/2024\/10\/Bild11.jpg\" alt=\"\" width=\"150\" height=\"150\"><\/a> <a href=\"https:\/\/heinrich-bussmann-schule.de\/?page_id=3746\"><img loading=\"lazy\" decoding=\"async\" class=\"alignleft wp-image-3724 size-full\" src=\"https:\/\/heinrich-bussmann-schule.de\/wp-content\/uploads\/2024\/10\/Bild12.jpg\" alt=\"\" width=\"150\" height=\"150\"><\/a> <a href=\"https:\/\/heinrich-bussmann-schule.de\/?page_id=3754\"><img loading=\"lazy\" decoding=\"async\" class=\"alignleft wp-image-3723 size-full\" src=\"https:\/\/heinrich-bussmann-schule.de\/wp-content\/uploads\/2024\/10\/Bild13.jpg\" alt=\"\" width=\"150\" height=\"150\"><\/a> <a href=\"https:\/\/heinrich-bussmann-schule.de\/?page_id=3780\"><img loading=\"lazy\" decoding=\"async\" class=\"alignleft wp-image-3722 size-full\" src=\"https:\/\/heinrich-bussmann-schule.de\/wp-content\/uploads\/2024\/10\/Bild14.jpg\" alt=\"\" width=\"150\" height=\"150\"><\/a> <a href=\"https:\/\/heinrich-bussmann-schule.de\/?page_id=3748\"><img loading=\"lazy\" decoding=\"async\" class=\"alignleft wp-image-3721 size-full\" src=\"https:\/\/heinrich-bussmann-schule.de\/wp-content\/uploads\/2024\/10\/Bild15.jpg\" alt=\"\" width=\"150\" height=\"150\"><\/a> <a href=\"https:\/\/heinrich-bussmann-schule.de\/?page_id=3778\"><img loading=\"lazy\" decoding=\"async\" class=\"alignleft wp-image-3720 size-full\" src=\"https:\/\/heinrich-bussmann-schule.de\/wp-content\/uploads\/2024\/10\/Bild16.jpg\" alt=\"\" width=\"150\" height=\"150\"><\/a><a href=\"https:\/\/heinrich-bussmann-schule.de\/?page_id=3771\"><img loading=\"lazy\" decoding=\"async\" class=\"alignleft wp-image-3718 size-full\" src=\"https:\/\/heinrich-bussmann-schule.de\/wp-content\/uploads\/2024\/10\/Daz-daf.jpg\" alt=\"\" width=\"150\" height=\"150\"><\/a> <a href=\"https:\/\/heinrich-bussmann-schule.de\/?page_id=3782\"><img loading=\"lazy\" decoding=\"async\" class=\"alignleft wp-image-3717 size-full\" src=\"https:\/\/heinrich-bussmann-schule.de\/wp-content\/uploads\/2024\/10\/informatik.jpg\" alt=\"\" width=\"149\" height=\"148\"><\/a> <a href=\"https:\/\/heinrich-bussmann-schule.de\/?page_id=3776\"><img loading=\"lazy\" decoding=\"async\" class=\"alignleft wp-image-3716 size-full\" src=\"https:\/\/heinrich-bussmann-schule.de\/wp-content\/uploads\/2024\/10\/Geschichte1.jpg\" alt=\"\" width=\"146\" height=\"148\"><\/a><\/p>\n<p data-wp-editing=\"1\">&nbsp;<\/p>\n<p data-wp-editing=\"1\">&nbsp;<\/p>\n<p data-wp-editing=\"1\">&nbsp;<\/p>\n<p data-wp-editing=\"1\">&nbsp;<\/p>\n<p data-wp-editing=\"1\">&nbsp;<\/p>\n<p data-wp-editing=\"1\">&nbsp;<\/p>\n<p data-wp-editing=\"1\">&nbsp;<\/p>\n<p data-wp-editing=\"1\">&nbsp;<\/p>\n<p data-wp-editing=\"1\">&nbsp;<\/p>\n<p data-wp-editing=\"1\"><a href=\"https:\/\/heinrich-bussmann-schule.de\/?page_id=3818\"><img loading=\"lazy\" decoding=\"async\" class=\"alignleft size-full wp-image-3731\" src=\"https:\/\/heinrich-bussmann-schule.de\/wp-content\/uploads\/2024\/10\/Foerderstunde.jpg\" alt=\"\" width=\"150\" height=\"150\"><\/a><\/p>\n<p data-wp-editing=\"1\">&nbsp;<\/p>\n<p data-wp-editing=\"1\">&nbsp;<\/p>\n<p data-wp-editing=\"1\"><a href=\"https:\/\/heinrich-bussmann-schule.de\/?page_id=3756\"><img loading=\"lazy\" decoding=\"async\" class=\"alignleft wp-image-3719 size-full\" src=\"https:\/\/heinrich-bussmann-schule.de\/wp-content\/uploads\/2024\/10\/Bild17.jpg\" alt=\"\" width=\"150\" height=\"150\"><\/a><a href=\"https:\/\/heinrich-bussmann-schule.de\/?page_id=3766\"><img loading=\"lazy\" decoding=\"async\" class=\"alignleft wp-image-3729 size-full\" src=\"https:\/\/heinrich-bussmann-schule.de\/wp-content\/uploads\/2024\/10\/Bild7.jpg\" alt=\"\" width=\"150\" height=\"150\"><\/a><a href=\"https:\/\/heinrich-bussmann-schule.de\/?page_id=3758\"><img loading=\"lazy\" decoding=\"async\" class=\"alignleft wp-image-3698 size-thumbnail\" src=\"https:\/\/heinrich-bussmann-schule.de\/wp-content\/uploads\/2024\/10\/Green-and-Yellow-Illustrative-National-Sports-Day-Instagram-Post-150x150.jpg\" alt=\"\" width=\"150\" height=\"150\" srcset=\"https:\/\/heinrich-bussmann-schule.de\/wp-content\/uploads\/2024\/10\/Green-and-Yellow-Illustrative-National-Sports-Day-Instagram-Post-150x150.jpg 150w, https:\/\/heinrich-bussmann-schule.de\/wp-content\/uploads\/2024\/10\/Green-and-Yellow-Illustrative-National-Sports-Day-Instagram-Post-330x330.jpg 330w, https:\/\/heinrich-bussmann-schule.de\/wp-content\/uploads\/2024\/10\/Green-and-Yellow-Illustrative-National-Sports-Day-Instagram-Post-1024x1024.jpg 1024w, https:\/\/heinrich-bussmann-schule.de\/wp-content\/uploads\/2024\/10\/Green-and-Yellow-Illustrative-National-Sports-Day-Instagram-Post-768x768.jpg 768w, https:\/\/heinrich-bussmann-schule.de\/wp-content\/uploads\/2024\/10\/Green-and-Yellow-Illustrative-National-Sports-Day-Instagram-Post-660x660.jpg 660w, https:\/\/heinrich-bussmann-schule.de\/wp-content\/uploads\/2024\/10\/Green-and-Yellow-Illustrative-National-Sports-Day-Instagram-Post-1000x1000.jpg 1000w, https:\/\/heinrich-bussmann-schule.de\/wp-content\/uploads\/2024\/10\/Green-and-Yellow-Illustrative-National-Sports-Day-Instagram-Post-373x373.jpg 373w, https:\/\/heinrich-bussmann-schule.de\/wp-content\/uploads\/2024\/10\/Green-and-Yellow-Illustrative-National-Sports-Day-Instagram-Post.jpg 1080w\" sizes=\"(max-width: 150px) 100vw, 150px\" \/><\/a><\/p>\n<p data-wp-editing=\"1\"><a href=\"https:\/\/heinrich-bussmann-schule.de\/?page_id=3821\"><img loading=\"lazy\" decoding=\"async\" class=\"alignnone \" src=\"https:\/\/heinrich-bussmann-schule.de\/wp-content\/uploads\/2024\/11\/Beige-and-Red-New-Pattern-Textile-Business-Social-Media-Marketing-Post-1.jpg\" width=\"150\" height=\"150\"><\/a>&nbsp;<a href=\"https:\/\/heinrich-bussmann-schule.de\/?page_id=3773\"><img loading=\"lazy\" decoding=\"async\" class=\"alignleft wp-image-3694 size-thumbnail\" src=\"https:\/\/heinrich-bussmann-schule.de\/wp-content\/uploads\/2024\/10\/Dark-Blue-Green-And-Orange-Illustrative-World-Religion-Day-Instagram-Post-150x150.jpg\" alt=\"\" width=\"150\" height=\"150\" srcset=\"https:\/\/heinrich-bussmann-schule.de\/wp-content\/uploads\/2024\/10\/Dark-Blue-Green-And-Orange-Illustrative-World-Religion-Day-Instagram-Post-150x150.jpg 150w, https:\/\/heinrich-bussmann-schule.de\/wp-content\/uploads\/2024\/10\/Dark-Blue-Green-And-Orange-Illustrative-World-Religion-Day-Instagram-Post-330x330.jpg 330w, https:\/\/heinrich-bussmann-schule.de\/wp-content\/uploads\/2024\/10\/Dark-Blue-Green-And-Orange-Illustrative-World-Religion-Day-Instagram-Post-1024x1024.jpg 1024w, https:\/\/heinrich-bussmann-schule.de\/wp-content\/uploads\/2024\/10\/Dark-Blue-Green-And-Orange-Illustrative-World-Religion-Day-Instagram-Post-768x768.jpg 768w, https:\/\/heinrich-bussmann-schule.de\/wp-content\/uploads\/2024\/10\/Dark-Blue-Green-And-Orange-Illustrative-World-Religion-Day-Instagram-Post-660x660.jpg 660w, https:\/\/heinrich-bussmann-schule.de\/wp-content\/uploads\/2024\/10\/Dark-Blue-Green-And-Orange-Illustrative-World-Religion-Day-Instagram-Post-1000x1000.jpg 1000w, https:\/\/heinrich-bussmann-schule.de\/wp-content\/uploads\/2024\/10\/Dark-Blue-Green-And-Orange-Illustrative-World-Religion-Day-Instagram-Post-373x373.jpg 373w, https:\/\/heinrich-bussmann-schule.de\/wp-content\/uploads\/2024\/10\/Dark-Blue-Green-And-Orange-Illustrative-World-Religion-Day-Instagram-Post.jpg 1080w\" sizes=\"(max-width: 150px) 100vw, 150px\" \/> &nbsp; <\/a><a href=\"https:\/\/heinrich-bussmann-schule.de\/?page_id=3682\"><img loading=\"lazy\" decoding=\"async\" class=\"alignleft size-full wp-image-3715\" src=\"https:\/\/heinrich-bussmann-schule.de\/wp-content\/uploads\/2024\/10\/Geschichte.jpg\" alt=\"\" width=\"150\" height=\"150\"><\/a><\/p>\n<p data-wp-editing=\"1\"><a href=\"https:\/\/heinrich-bussmann-schule.de\/?page_id=3823\"><img loading=\"lazy\" decoding=\"async\" class=\"size-full wp-image-3727 alignnone\" src=\"https:\/\/heinrich-bussmann-schule.de\/wp-content\/uploads\/2024\/10\/Bild9.jpg\" alt=\"\" width=\"150\" height=\"150\"><\/a><\/p>\n<p data-wp-editing=\"1\">&nbsp;<\/p>\n","protected":false},"excerpt":{"rendered":"<p>Unsere F\u00e4cher \u2013 Vielf\u00e4ltig und zukunftsorientiert An unserer Schule bieten wir ein breites Spektrum an F\u00e4chern, das die Interessen und Talente unserer Sch\u00fclerinnen und Sch\u00fcler in den Mittelpunkt stellt. Von&hellip; <a class=\"excerpt-more-link\" href=\"https:\/\/heinrich-bussmann-schule.de\/?page_id=3678\">Weiterlesen<\/a><\/p>\n","protected":false},"author":4,"featured_media":0,"parent":0,"menu_order":0,"comment_status":"closed","ping_status":"closed","template":"","meta":{"ngg_post_thumbnail":0,"footnotes":""},"class_list":["post-3678","page","type-page","status-publish","hentry"],"_links":{"self":[{"href":"https:\/\/heinrich-bussmann-schule.de\/index.php?rest_route=\/wp\/v2\/pages\/3678","targetHints":{"allow":["GET"]}}],"collection":[{"href":"https:\/\/heinrich-bussmann-schule.de\/index.php?rest_route=\/wp\/v2\/pages"}],"about":[{"href":"https:\/\/heinrich-bussmann-schule.de\/index.php?rest_route=\/wp\/v2\/types\/page"}],"author":[{"embeddable":true,"href":"https:\/\/heinrich-bussmann-schule.de\/index.php?rest_route=\/wp\/v2\/users\/4"}],"replies":[{"embeddable":true,"href":"https:\/\/heinrich-bussmann-schule.de\/index.php?rest_route=%2Fwp%2Fv2%2Fcomments&post=3678"}],"version-history":[{"count":27,"href":"https:\/\/heinrich-bussmann-schule.de\/index.php?rest_route=\/wp\/v2\/pages\/3678\/revisions"}],"predecessor-version":[{"id":3954,"href":"https:\/\/heinrich-bussmann-schule.de\/index.php?rest_route=\/wp\/v2\/pages\/3678\/revisions\/3954"}],"wp:attachment":[{"href":"https:\/\/heinrich-bussmann-schule.de\/index.php?rest_route=%2Fwp%2Fv2%2Fmedia&parent=3678"}],"curies":[{"name":"wp","href":"https:\/\/api.w.org\/{rel}","templated":true}]}}