{"id":382,"date":"2021-06-06T11:16:15","date_gmt":"2021-06-06T09:16:15","guid":{"rendered":"https:\/\/www.heinrich-bussmann-schule.de\/?page_id=382"},"modified":"2021-08-21T14:38:00","modified_gmt":"2021-08-21T12:38:00","slug":"schulexterne-auszeichnungen","status":"publish","type":"page","link":"https:\/\/heinrich-bussmann-schule.de\/?page_id=382","title":{"rendered":"Schulexterne Auszeichnungen"},"content":{"rendered":"<p class=\"intro\">Die Arbeit der Heinrich-Bu\u00dfmann-Schule fand und findet sowohl in den letzten Jahren als auch aktuell nach wie vor anerkennende Erw\u00e4hnung in Presse, Funk und Fernsehen. So wurde sie beispielsweise schon im Jahr 2000 in Artikeln der Magazine STERN und SPIEGEL (STERN: \u201e\u2026eine der 7 engagiertesten Schulen der BRD\u201c 5\/2000) ausf\u00fchrlich gew\u00fcrdigt.<\/p>\n<p><span class=\"dropcap\">S<\/span>eit 2010 errang die HBS durch ihre innovative gemeinschaftliche Arbeit weitere Preise und pr\u00e4sentierte aufgrund der hervorragenden Begleitung und Unterst\u00fctzung von Sch\u00fclerinnen und Sch\u00fclern mit Migrationshintergrund und deren Begleitung in den 1. Ausbildungsmarkt im Jahr 2015 in der Sendung Cosmo-TV (WDR) ihre M\u00f6glichkeiten und Umsetzungen im Bereich der Berufsorientierung.<\/p>\n<p>Die Auszeichnungen und Erfolge:<\/p>\n<p><strong>2013 <\/strong><br \/>\n1. Platz beim ausgeschriebenen F\u00f6rderpreis f\u00fcr \u201e Inklusive Schulentwicklung\u201c des Kreises Unna. Schulentwicklung im Kreis Unna.<br \/>\nDie Kriterien lauteten bei der ersten Ausschreibung &#8222;willkommen hei\u00dfender Umgang mit Heterogenit\u00e4t&#8220;, &#8222;Gestaltung inklusiver Lehrund<br \/>\nLernprozesse&#8220;, sowie die &#8222;Kultur des Behaltens&#8220;<\/p>\n<p><strong>2013 <\/strong><br \/>\n3. Platz\u2013 Fit f\u00fcr Ausbildung &#8211; Die B\u00fcrgerstiftung Emscher- Lippe lobte im M\u00e4rz 2013 den Preis &#8222;Fit f\u00fcr Ausbildung&#8220; f\u00fcr vorbildliche Beufsvorbereitung aus. Angesprochen waren kreis\u00fcbergreifend alle Schulen und Schulformen. Die HBS belegte hier einen hervorragenden 3. Platz, eine Best\u00e4tigung unserer vorbildlichen Arbeit in der Berufsorientierung. \u00dcberreicht wurde die Urkunden durch den Sportjournalisten Professor Dr. Michael Steinbrecher.<\/p>\n<p><strong>2014 <\/strong><br \/>\n4. Platz \u2013 Fit f\u00fcr soziales und demokratisches Engagement \u2013 ausgelobt durch die B\u00fcrgerstiftung Emscher-Lippe. \u00dcberreicht wurde der Preis<br \/>\nvom damaligen Bochumer Bundesligatrainer Herrn Peter Neururer.<\/p>\n<p><strong>2015 <\/strong><br \/>\n1. Platz &#8211; zum zweiten Mal erreicht die HBS den 1. Platz im kreisweit ausgeschriebenen Schulentwicklungspreis f\u00fcr Inklusion. Bei der zweiten Ausschreibung lag der Schwerpunkt auf der Entwicklung und Durchf\u00fchrung nachhaltiger Projekte zur Gestaltung inklusiven Schullebens. In Zusammenarbeit mit den Sonderp\u00e4dagogen entstand das Projekt \u201eMit Feuer und Flamme an der HBS\u201c, ein ganzj\u00e4hriges, feuerp\u00e4dagogisches Projekt f\u00fcr 40 Sch\u00fcler.<\/p>\n<p><strong>2015 <\/strong><br \/>\n6. Platz \u2013 Im Rahmen des NRW \u2013 weit ausgeschriebenen Wettbewerbs \u201eStarke Schule\u201c \u2013 Deutschlands besten Schulen die zur Ausbidlungsreife f\u00fchren, erlangte die Heinrich-Bu\u00dfmann-Schule unter 650 Bewerberinnen und Bewerben NRW-weit einen beachtlichen 6. Platz und 2015<br \/>\nwurde in D\u00fcsseldort durch den Staatssekret\u00e4r Herrn Ludwig Hecke ausgezeichnet. Das war f\u00fcr alle Beteiligten ein unvergesslicher Augenblick und best\u00e4tigte einmal mehr das hohe Engagement der HBS. Seit dem darf die HBS das Loge \u201eStarke Schule\u201c f\u00fchren, das uns mit Stolz erf\u00fcllt.<\/p>\n<p><strong>2015 <\/strong><br \/>\nDie Heinrich-Bu\u00dfmann-Schule wir zertifizierte \u201eSchule ohne Rassismus \u2013 Schule mit Courage\u201c und erh\u00e4lt ihre Urkunde im Oktober 2015 im Rahmen eines fantastischen \u201emultikulturellen\u201c Schulfestes. Ein unvergessliches Ereignis mit gro\u00dfer Verantwortung.<\/p>\n<p><strong>2016 <\/strong><br \/>\n3. Platz bei der \u201eRobotik \u2013 Olympiade\u201c in L\u00fcnen. Die Bu\u00dfm\u00e4nner mussten sich in einem spannenden Wettbewerb nur durch die Geschwister-Scholl-Gesamtschule geschlagen geben, die die ersten beiden Pl\u00e4tze belegte. Eine tolle Leistung f\u00fcr das noch sehr junge Team (die Robotic-AG gibt es erst seit gut einem Jahr an der HBS), das sich gegen Realschulen und auch Gymnasien durchsetzen konnte.<\/p>\n<p><strong>2017<\/strong><br \/>\nZum zweiten Mal nach 2015 erhielt die Heinrich-Bu\u00dfmann-Schule am 13.02.2017 die Auszeichnung zur Starken Schule NRW, die zur Ausbildungsreife f\u00fchrt. Sie belegte unter \u00fcber 500 Bewerbungen einen beachtlichen 7. Platz und bewies durch diese Auszeichnung einmal mehr ihre hervorragende Arbeit bei der individuellen Beschulung und Begleitung ihrer Sch\u00fclerinnen und Sch\u00fcler auf dem Weg zur Ausbildungsreife und zu verantwortungsvollen Pers\u00f6nlichkeiten. Ein weiteres Highlight war die musikalische Rahmenbegleitung der Festveranstaltung in D\u00fcsseldorf durch die Steeldrumband der Heinrich-Bu\u00dfmann-Schule. Sie bereicherte zur Freude aller G\u00e4ste und des gesamten Veranstaltungsteams die Veranstaltung mit karibischen Kl\u00e4ngen. Begleitet wurde die \u201eDelegation\u201c der Bu\u00dfmannschule durch den Leiter der Schulverwaltung Herrn J\u00fcrgen Grundmann, sowie Herrn Zenon Kleber und Herrn Thomas Witte als Lernpartnerbegleiter der Bu\u00dfmannschule. Das bewies einmal mehr die \u00e4u\u00dferst gute Zusammenarbeit mit der Stadt L\u00fcnen und dem Lernpartner Steag.<\/p>\n","protected":false},"excerpt":{"rendered":"<p>Die Arbeit der Heinrich-Bu\u00dfmann-Schule fand und findet sowohl in den letzten Jahren als auch aktuell nach wie vor anerkennende Erw\u00e4hnung in Presse, Funk und Fernsehen. So wurde sie beispielsweise schon&hellip; <a class=\"excerpt-more-link\" href=\"https:\/\/heinrich-bussmann-schule.de\/?page_id=382\">Weiterlesen<\/a><\/p>\n","protected":false},"author":1,"featured_media":0,"parent":20,"menu_order":1,"comment_status":"closed","ping_status":"closed","template":"","meta":{"ngg_post_thumbnail":0,"footnotes":""},"class_list":["post-382","page","type-page","status-publish","hentry"],"_links":{"self":[{"href":"https:\/\/heinrich-bussmann-schule.de\/index.php?rest_route=\/wp\/v2\/pages\/382","targetHints":{"allow":["GET"]}}],"collection":[{"href":"https:\/\/heinrich-bussmann-schule.de\/index.php?rest_route=\/wp\/v2\/pages"}],"about":[{"href":"https:\/\/heinrich-bussmann-schule.de\/index.php?rest_route=\/wp\/v2\/types\/page"}],"author":[{"embeddable":true,"href":"https:\/\/heinrich-bussmann-schule.de\/index.php?rest_route=\/wp\/v2\/users\/1"}],"replies":[{"embeddable":true,"href":"https:\/\/heinrich-bussmann-schule.de\/index.php?rest_route=%2Fwp%2Fv2%2Fcomments&post=382"}],"version-history":[{"count":0,"href":"https:\/\/heinrich-bussmann-schule.de\/index.php?rest_route=\/wp\/v2\/pages\/382\/revisions"}],"up":[{"embeddable":true,"href":"https:\/\/heinrich-bussmann-schule.de\/index.php?rest_route=\/wp\/v2\/pages\/20"}],"wp:attachment":[{"href":"https:\/\/heinrich-bussmann-schule.de\/index.php?rest_route=%2Fwp%2Fv2%2Fmedia&parent=382"}],"curies":[{"name":"wp","href":"https:\/\/api.w.org\/{rel}","templated":true}]}}