{"id":3823,"date":"2024-11-24T11:39:01","date_gmt":"2024-11-24T10:39:01","guid":{"rendered":"https:\/\/heinrich-bussmann-schule.de\/?page_id=3823"},"modified":"2024-11-24T13:32:44","modified_gmt":"2024-11-24T12:32:44","slug":"musik","status":"publish","type":"page","link":"https:\/\/heinrich-bussmann-schule.de\/?page_id=3823","title":{"rendered":"Musik"},"content":{"rendered":"<p><span style=\"font-weight: 400;\">Musik verbindet die Kulturen und f\u00f6rdert die Kreativit\u00e4t. Die Sch\u00fclerinnen und Sch\u00fcler erfahren, wie Musik weltweit Ausdruck von Identit\u00e4t und Kultur ist, und entwickeln ihre musikalischen F\u00e4higkeiten.<\/span><\/p>\n","protected":false},"excerpt":{"rendered":"<p>Musik verbindet die Kulturen und f\u00f6rdert die Kreativit\u00e4t. Die Sch\u00fclerinnen und Sch\u00fcler erfahren, wie Musik weltweit Ausdruck von Identit\u00e4t und Kultur ist, und entwickeln ihre musikalischen F\u00e4higkeiten.<\/p>\n","protected":false},"author":4,"featured_media":0,"parent":0,"menu_order":0,"comment_status":"closed","ping_status":"closed","template":"","meta":{"ngg_post_thumbnail":0,"footnotes":""},"class_list":["post-3823","page","type-page","status-publish","hentry"],"_links":{"self":[{"href":"https:\/\/heinrich-bussmann-schule.de\/index.php?rest_route=\/wp\/v2\/pages\/3823","targetHints":{"allow":["GET"]}}],"collection":[{"href":"https:\/\/heinrich-bussmann-schule.de\/index.php?rest_route=\/wp\/v2\/pages"}],"about":[{"href":"https:\/\/heinrich-bussmann-schule.de\/index.php?rest_route=\/wp\/v2\/types\/page"}],"author":[{"embeddable":true,"href":"https:\/\/heinrich-bussmann-schule.de\/index.php?rest_route=\/wp\/v2\/users\/4"}],"replies":[{"embeddable":true,"href":"https:\/\/heinrich-bussmann-schule.de\/index.php?rest_route=%2Fwp%2Fv2%2Fcomments&post=3823"}],"version-history":[{"count":3,"href":"https:\/\/heinrich-bussmann-schule.de\/index.php?rest_route=\/wp\/v2\/pages\/3823\/revisions"}],"predecessor-version":[{"id":3952,"href":"https:\/\/heinrich-bussmann-schule.de\/index.php?rest_route=\/wp\/v2\/pages\/3823\/revisions\/3952"}],"wp:attachment":[{"href":"https:\/\/heinrich-bussmann-schule.de\/index.php?rest_route=%2Fwp%2Fv2%2Fmedia&parent=3823"}],"curies":[{"name":"wp","href":"https:\/\/api.w.org\/{rel}","templated":true}]}}