{"id":3848,"date":"2024-11-24T12:13:02","date_gmt":"2024-11-24T11:13:02","guid":{"rendered":"https:\/\/heinrich-bussmann-schule.de\/?page_id=3848"},"modified":"2024-11-24T14:23:22","modified_gmt":"2024-11-24T13:23:22","slug":"wp-israel","status":"publish","type":"page","link":"https:\/\/heinrich-bussmann-schule.de\/?page_id=3848","title":{"rendered":"WP-Israel"},"content":{"rendered":"<p style=\"text-align: center;\">&nbsp;<\/p>\n<p><span style=\"font-weight: 400;\"><a href=\"https:\/\/heinrich-bussmann-schule.de\/wp-content\/uploads\/2024\/11\/WP-Israel.jpg\"><img fetchpriority=\"high\" decoding=\"async\" class=\"alignleft size-medium wp-image-3831\" src=\"https:\/\/heinrich-bussmann-schule.de\/wp-content\/uploads\/2024\/11\/WP-Israel-330x248.jpg\" alt=\"\" width=\"330\" height=\"248\" srcset=\"https:\/\/heinrich-bussmann-schule.de\/wp-content\/uploads\/2024\/11\/WP-Israel-330x248.jpg 330w, https:\/\/heinrich-bussmann-schule.de\/wp-content\/uploads\/2024\/11\/WP-Israel-1024x768.jpg 1024w, https:\/\/heinrich-bussmann-schule.de\/wp-content\/uploads\/2024\/11\/WP-Israel-768x576.jpg 768w, https:\/\/heinrich-bussmann-schule.de\/wp-content\/uploads\/2024\/11\/WP-Israel-1536x1152.jpg 1536w, https:\/\/heinrich-bussmann-schule.de\/wp-content\/uploads\/2024\/11\/WP-Israel-660x495.jpg 660w, https:\/\/heinrich-bussmann-schule.de\/wp-content\/uploads\/2024\/11\/WP-Israel-1000x750.jpg 1000w, https:\/\/heinrich-bussmann-schule.de\/wp-content\/uploads\/2024\/11\/WP-Israel.jpg 1600w\" sizes=\"(max-width: 330px) 100vw, 330px\" \/><\/a>In Kooperation mit unserer Partnerschule in Israel bereiten die Sch\u00fclerinnen und Sch\u00fcler den Austausch vor. Dabei erfahren sie nicht nur etwas \u00fcber die Kultur und Geschichte Israels, sondern st\u00e4rken auch ihre interkulturellen Kompetenzen durch den Austausch von Ideen und Erfahrungen. Der Austausch f\u00f6rdert das Verst\u00e4ndnis f\u00fcr unterschiedliche Lebensweisen und die Bedeutung von Freundschaft und Zusammenarbeit \u00fcber Grenzen hinweg.<\/span><\/p>\n","protected":false},"excerpt":{"rendered":"<p>&nbsp; In Kooperation mit unserer Partnerschule in Israel bereiten die Sch\u00fclerinnen und Sch\u00fcler den Austausch vor. Dabei erfahren sie nicht nur etwas \u00fcber die Kultur und Geschichte Israels, sondern st\u00e4rken&hellip; <a class=\"excerpt-more-link\" href=\"https:\/\/heinrich-bussmann-schule.de\/?page_id=3848\">Weiterlesen<\/a><\/p>\n","protected":false},"author":4,"featured_media":0,"parent":0,"menu_order":0,"comment_status":"closed","ping_status":"closed","template":"","meta":{"ngg_post_thumbnail":0,"footnotes":""},"class_list":["post-3848","page","type-page","status-publish","hentry"],"_links":{"self":[{"href":"https:\/\/heinrich-bussmann-schule.de\/index.php?rest_route=\/wp\/v2\/pages\/3848","targetHints":{"allow":["GET"]}}],"collection":[{"href":"https:\/\/heinrich-bussmann-schule.de\/index.php?rest_route=\/wp\/v2\/pages"}],"about":[{"href":"https:\/\/heinrich-bussmann-schule.de\/index.php?rest_route=\/wp\/v2\/types\/page"}],"author":[{"embeddable":true,"href":"https:\/\/heinrich-bussmann-schule.de\/index.php?rest_route=\/wp\/v2\/users\/4"}],"replies":[{"embeddable":true,"href":"https:\/\/heinrich-bussmann-schule.de\/index.php?rest_route=%2Fwp%2Fv2%2Fcomments&post=3848"}],"version-history":[{"count":2,"href":"https:\/\/heinrich-bussmann-schule.de\/index.php?rest_route=\/wp\/v2\/pages\/3848\/revisions"}],"predecessor-version":[{"id":3963,"href":"https:\/\/heinrich-bussmann-schule.de\/index.php?rest_route=\/wp\/v2\/pages\/3848\/revisions\/3963"}],"wp:attachment":[{"href":"https:\/\/heinrich-bussmann-schule.de\/index.php?rest_route=%2Fwp%2Fv2%2Fmedia&parent=3848"}],"curies":[{"name":"wp","href":"https:\/\/api.w.org\/{rel}","templated":true}]}}