{"id":4015,"date":"2024-12-17T12:01:30","date_gmt":"2024-12-17T11:01:30","guid":{"rendered":"https:\/\/heinrich-bussmann-schule.de\/?page_id=4015"},"modified":"2024-12-17T12:01:30","modified_gmt":"2024-12-17T11:01:30","slug":"ziele-der-unesco-schulen","status":"publish","type":"page","link":"https:\/\/heinrich-bussmann-schule.de\/?page_id=4015","title":{"rendered":"Ziele der UNESCO-Schulen"},"content":{"rendered":"<h3>Ziele der UNESCO-Schulen<\/h3>\n<p>UNESCO-Schulen engagieren sich weltweit f\u00fcr eine bessere Zukunft, indem sie junge Menschen dabei unterst\u00fctzen, zu verantwortungsvollen und aktiven Mitgliedern der Gesellschaft heranzuwachsen. Ihre Arbeit orientiert sich an den folgenden Zielen:<\/p>\n<ol>\n<li><strong>F\u00f6rderung von Frieden und internationaler Verst\u00e4ndigung<\/strong><br \/>\nVermittlung von Toleranz, Respekt und interkulturellem Dialog zur St\u00e4rkung eines friedlichen Zusammenlebens.<\/li>\n<li><strong>Bildung f\u00fcr nachhaltige Entwicklung (BNE)<\/strong><br \/>\nF\u00f6rderung eines nachhaltigen Denkens und Handelns, um \u00f6kologische, wirtschaftliche und soziale Herausforderungen zu bew\u00e4ltigen.<\/li>\n<li><strong>Einsatz f\u00fcr Menschenrechte und Demokratie<\/strong><br \/>\nSensibilisierung f\u00fcr die universellen Menschenrechte und die Werte von Demokratie, Freiheit und Gerechtigkeit.<\/li>\n<li><strong>St\u00e4rkung kultureller Vielfalt und Solidarit\u00e4t<\/strong><br \/>\nSchaffung eines Bewusstseins f\u00fcr die Bedeutung kultureller Unterschiede und F\u00f6rderung eines solidarischen Miteinanders.<\/li>\n<li><strong>Auseinandersetzung mit globalen Herausforderungen<\/strong><br \/>\nUnterst\u00fctzung junger Menschen, die komplexen globalen Themen wie Klimawandel, soziale Ungleichheit und Konflikte aktiv und kreativ anzugehen.<\/li>\n<\/ol>\n<p>UNESCO-Schulen leisten so einen wichtigen Beitrag zur Gestaltung einer nachhaltigen, friedlichen und gerechten Welt.<\/p>\n","protected":false},"excerpt":{"rendered":"<p>Ziele der UNESCO-Schulen UNESCO-Schulen engagieren sich weltweit f\u00fcr eine bessere Zukunft, indem sie junge Menschen dabei unterst\u00fctzen, zu verantwortungsvollen und aktiven Mitgliedern der Gesellschaft heranzuwachsen. Ihre Arbeit orientiert sich an&hellip; <a class=\"excerpt-more-link\" href=\"https:\/\/heinrich-bussmann-schule.de\/?page_id=4015\">Weiterlesen<\/a><\/p>\n","protected":false},"author":4,"featured_media":0,"parent":0,"menu_order":0,"comment_status":"closed","ping_status":"closed","template":"","meta":{"ngg_post_thumbnail":0,"footnotes":""},"class_list":["post-4015","page","type-page","status-publish","hentry"],"_links":{"self":[{"href":"https:\/\/heinrich-bussmann-schule.de\/index.php?rest_route=\/wp\/v2\/pages\/4015","targetHints":{"allow":["GET"]}}],"collection":[{"href":"https:\/\/heinrich-bussmann-schule.de\/index.php?rest_route=\/wp\/v2\/pages"}],"about":[{"href":"https:\/\/heinrich-bussmann-schule.de\/index.php?rest_route=\/wp\/v2\/types\/page"}],"author":[{"embeddable":true,"href":"https:\/\/heinrich-bussmann-schule.de\/index.php?rest_route=\/wp\/v2\/users\/4"}],"replies":[{"embeddable":true,"href":"https:\/\/heinrich-bussmann-schule.de\/index.php?rest_route=%2Fwp%2Fv2%2Fcomments&post=4015"}],"version-history":[{"count":1,"href":"https:\/\/heinrich-bussmann-schule.de\/index.php?rest_route=\/wp\/v2\/pages\/4015\/revisions"}],"predecessor-version":[{"id":4016,"href":"https:\/\/heinrich-bussmann-schule.de\/index.php?rest_route=\/wp\/v2\/pages\/4015\/revisions\/4016"}],"wp:attachment":[{"href":"https:\/\/heinrich-bussmann-schule.de\/index.php?rest_route=%2Fwp%2Fv2%2Fmedia&parent=4015"}],"curies":[{"name":"wp","href":"https:\/\/api.w.org\/{rel}","templated":true}]}}