{"id":65,"date":"2021-06-03T14:27:40","date_gmt":"2021-06-03T12:27:40","guid":{"rendered":"https:\/\/www.heinrich-bussmann-schule.de\/?page_id=65"},"modified":"2021-08-15T13:49:44","modified_gmt":"2021-08-15T11:49:44","slug":"lernpartnerschaften","status":"publish","type":"page","link":"https:\/\/heinrich-bussmann-schule.de\/?page_id=65","title":{"rendered":"Lernpartnerschaften"},"content":{"rendered":"<p><img fetchpriority=\"high\" decoding=\"async\" src=\"https:\/\/heinrich-bussmann-schule.de\/wp-content\/uploads\/2021\/08\/Lernpartnerschaft-HBS-scaled.jpg\" alt=\"Lernpartnerschaft HBS\" width=\"2560\" height=\"1706\" class=\"alignnone size-full wp-image-816\" srcset=\"https:\/\/heinrich-bussmann-schule.de\/wp-content\/uploads\/2021\/08\/Lernpartnerschaft-HBS-scaled.jpg 2560w, https:\/\/heinrich-bussmann-schule.de\/wp-content\/uploads\/2021\/08\/Lernpartnerschaft-HBS-300x200.jpg 300w, https:\/\/heinrich-bussmann-schule.de\/wp-content\/uploads\/2021\/08\/Lernpartnerschaft-HBS-1024x683.jpg 1024w, https:\/\/heinrich-bussmann-schule.de\/wp-content\/uploads\/2021\/08\/Lernpartnerschaft-HBS-768x512.jpg 768w, https:\/\/heinrich-bussmann-schule.de\/wp-content\/uploads\/2021\/08\/Lernpartnerschaft-HBS-1536x1024.jpg 1536w, https:\/\/heinrich-bussmann-schule.de\/wp-content\/uploads\/2021\/08\/Lernpartnerschaft-HBS-2048x1365.jpg 2048w, https:\/\/heinrich-bussmann-schule.de\/wp-content\/uploads\/2021\/08\/Lernpartnerschaft-HBS-660x440.jpg 660w, https:\/\/heinrich-bussmann-schule.de\/wp-content\/uploads\/2021\/08\/Lernpartnerschaft-HBS-1000x667.jpg 1000w, https:\/\/heinrich-bussmann-schule.de\/wp-content\/uploads\/2021\/08\/Lernpartnerschaft-HBS-373x248.jpg 373w\" sizes=\"(max-width: 2560px) 100vw, 2560px\" \/><\/p>\n<p class=\"intro\">Seit vielen Jahren arbeitet die Heinrich-Bu\u00dfmann-Schule L\u00fcnen schon mit verschiedenen Lernpartnern aus der Region zusammen. Hierdurch kann den Sch\u00fcler:innen ein umfassender Einblick in die sp\u00e4tere berufliche Laufbahn verbunden mit einer berufsorientierten Ausbildung erm\u00f6glicht werden.<\/p>\n<p><span class=\"dropcap\">Z<\/span>u den Lernpartnern geh\u00f6ren unter anderem der Bauverein L\u00fcnen, die AOK und der Garten- und Landschaftsbetrieb Giesebrecht. Seit Anfang 2016 besteht auch mit dem Bauverein zu L\u00fcnen, mit dem die HBS schon lange Zeit zusammenarbeitet, ein offizieller und unbefristeter Kooperationsvertrag.<\/p>\n<p>Die Kooperation zwischen der HBS und den Lernpartnern besteht vor allem darin, dass die Sch\u00fcler:innen ab der achten Klasse im Rahmen von Praktika am beruflichen Alltag der jeweiligen Betriebe teilnehmen und dort ihre Erfahrungen sammeln. Dort werden sie professionell angeleitet und an die verschiedenen Berufe herangef\u00fchrt. Viele Sch\u00fcler:innen, die sich w\u00e4hrend dieser Praktika bew\u00e4hren, freuen sich sp\u00e4ter \u00fcber eine Ausbildungsstelle oder feste Besch\u00e4ftigung in einem Betrieb. Weiterhin beteiligen sich die Betriebe der Lernpartner in verschiedenen Schulprojekten wie etwa dem Anlegen eines Schulgartens.<\/p>\n<p class=\"pull-right\">\u201eUnsere hauseigenen Handwerker wie Maurer und G\u00e4rtner sind immer wieder ganz angetan von dem Engagement der Sch\u00fcler.\u201c<\/p>\n<p>Die Lernpartnerschaften sind aber keinesfalls eine Einbahnstra\u00dfe, sondern f\u00fcr uns als Schule und auch f\u00fcr die Betriebe gleicherma\u00dfen ein Gewinn. Durch die fr\u00fchzeitige T\u00e4tigkeit in den Betrieben erhalten die Sch\u00fcler:innen einen realistischen Eindruck davon, was sie im Berufsleben erwartet. Im Gegenzug k\u00f6nnen sich die Betriebe ein Bild davon machen, welche Praktikanten sich als sp\u00e4tere Auszubildende eignen w\u00fcrden. Die positiven Aspekte der Zusammenarbeitet best\u00e4tigt auch Friedhelm Deuter, Chef des Bauvereinns.<\/p>\n<p><a href=\"https:\/\/www.bauverein.de\/\" target=\"_blank\" rel=\"noopener\"><img decoding=\"async\" class=\"aligncenter size-full wp-image-518\" src=\"https:\/\/heinrich-bussmann-schule.de\/wp-content\/uploads\/2021\/06\/Bauverein-zu-Luenen.png\" alt=\"Bauverein zu L\u00fcnen\" width=\"297\" height=\"170\"><\/a><br \/>\n<a href=\"https:\/\/www.aok.de\/pk\/nordwest\/\" target=\"_blank\" rel=\"noopener\"><img decoding=\"async\" class=\"aligncenter size-medium wp-image-519\" src=\"https:\/\/heinrich-bussmann-schule.de\/wp-content\/uploads\/2021\/06\/AOK-300x168.jpg\" alt=\"AOK\" width=\"300\" height=\"168\" srcset=\"https:\/\/heinrich-bussmann-schule.de\/wp-content\/uploads\/2021\/06\/AOK-300x168.jpg 300w, https:\/\/heinrich-bussmann-schule.de\/wp-content\/uploads\/2021\/06\/AOK-1024x573.jpg 1024w, https:\/\/heinrich-bussmann-schule.de\/wp-content\/uploads\/2021\/06\/AOK-768x430.jpg 768w, https:\/\/heinrich-bussmann-schule.de\/wp-content\/uploads\/2021\/06\/AOK-660x369.jpg 660w, https:\/\/heinrich-bussmann-schule.de\/wp-content\/uploads\/2021\/06\/AOK-1000x560.jpg 1000w, https:\/\/heinrich-bussmann-schule.de\/wp-content\/uploads\/2021\/06\/AOK.jpg 1140w\" sizes=\"(max-width: 300px) 100vw, 300px\" \/><\/a><br \/>\n<a href=\"https:\/\/www.giesebrecht.de\" target=\"_blank\" rel=\"noopener\"><img loading=\"lazy\" decoding=\"async\" class=\"aligncenter size-medium wp-image-521\" src=\"https:\/\/heinrich-bussmann-schule.de\/wp-content\/uploads\/2021\/06\/Giesebrecht-300x145.png\" alt=\"Giesebrecht\" width=\"300\" height=\"145\" srcset=\"https:\/\/heinrich-bussmann-schule.de\/wp-content\/uploads\/2021\/06\/Giesebrecht-300x145.png 300w, https:\/\/heinrich-bussmann-schule.de\/wp-content\/uploads\/2021\/06\/Giesebrecht-1024x494.png 1024w, https:\/\/heinrich-bussmann-schule.de\/wp-content\/uploads\/2021\/06\/Giesebrecht-768x371.png 768w, https:\/\/heinrich-bussmann-schule.de\/wp-content\/uploads\/2021\/06\/Giesebrecht-660x318.png 660w, https:\/\/heinrich-bussmann-schule.de\/wp-content\/uploads\/2021\/06\/Giesebrecht-1000x483.png 1000w, https:\/\/heinrich-bussmann-schule.de\/wp-content\/uploads\/2021\/06\/Giesebrecht.png 1200w\" sizes=\"(max-width: 300px) 100vw, 300px\" \/><\/a><br \/>\n<a href=\"https:\/\/www.baeckerei-kanne.de\/\" target=\"_blank\" rel=\"noopener\"><img loading=\"lazy\" decoding=\"async\" class=\"aligncenter size-medium wp-image-517\" src=\"https:\/\/heinrich-bussmann-schule.de\/wp-content\/uploads\/2021\/06\/Baeckerei-Kanne-300x225.jpg\" alt=\"B\u00e4ckerei Kanne\" width=\"300\" height=\"225\" srcset=\"https:\/\/heinrich-bussmann-schule.de\/wp-content\/uploads\/2021\/06\/Baeckerei-Kanne-300x225.jpg 300w, https:\/\/heinrich-bussmann-schule.de\/wp-content\/uploads\/2021\/06\/Baeckerei-Kanne-1024x768.jpg 1024w, https:\/\/heinrich-bussmann-schule.de\/wp-content\/uploads\/2021\/06\/Baeckerei-Kanne-768x576.jpg 768w, https:\/\/heinrich-bussmann-schule.de\/wp-content\/uploads\/2021\/06\/Baeckerei-Kanne-1536x1152.jpg 1536w, https:\/\/heinrich-bussmann-schule.de\/wp-content\/uploads\/2021\/06\/Baeckerei-Kanne-660x495.jpg 660w, https:\/\/heinrich-bussmann-schule.de\/wp-content\/uploads\/2021\/06\/Baeckerei-Kanne-1000x750.jpg 1000w, https:\/\/heinrich-bussmann-schule.de\/wp-content\/uploads\/2021\/06\/Baeckerei-Kanne.jpg 1920w\" sizes=\"(max-width: 300px) 100vw, 300px\" \/><\/a><\/p>\n","protected":false},"excerpt":{"rendered":"<p>Seit vielen Jahren arbeitet die Heinrich-Bu\u00dfmann-Schule L\u00fcnen schon mit verschiedenen Lernpartnern aus der Region zusammen. Hierdurch kann den Sch\u00fcler:innen ein umfassender Einblick in die sp\u00e4tere berufliche Laufbahn verbunden mit einer&hellip; <a class=\"excerpt-more-link\" href=\"https:\/\/heinrich-bussmann-schule.de\/?page_id=65\">Weiterlesen<\/a><\/p>\n","protected":false},"author":2,"featured_media":0,"parent":59,"menu_order":3,"comment_status":"closed","ping_status":"closed","template":"","meta":{"ngg_post_thumbnail":0,"footnotes":""},"class_list":["post-65","page","type-page","status-publish","hentry"],"_links":{"self":[{"href":"https:\/\/heinrich-bussmann-schule.de\/index.php?rest_route=\/wp\/v2\/pages\/65","targetHints":{"allow":["GET"]}}],"collection":[{"href":"https:\/\/heinrich-bussmann-schule.de\/index.php?rest_route=\/wp\/v2\/pages"}],"about":[{"href":"https:\/\/heinrich-bussmann-schule.de\/index.php?rest_route=\/wp\/v2\/types\/page"}],"author":[{"embeddable":true,"href":"https:\/\/heinrich-bussmann-schule.de\/index.php?rest_route=\/wp\/v2\/users\/2"}],"replies":[{"embeddable":true,"href":"https:\/\/heinrich-bussmann-schule.de\/index.php?rest_route=%2Fwp%2Fv2%2Fcomments&post=65"}],"version-history":[{"count":1,"href":"https:\/\/heinrich-bussmann-schule.de\/index.php?rest_route=\/wp\/v2\/pages\/65\/revisions"}],"predecessor-version":[{"id":2373,"href":"https:\/\/heinrich-bussmann-schule.de\/index.php?rest_route=\/wp\/v2\/pages\/65\/revisions\/2373"}],"up":[{"embeddable":true,"href":"https:\/\/heinrich-bussmann-schule.de\/index.php?rest_route=\/wp\/v2\/pages\/59"}],"wp:attachment":[{"href":"https:\/\/heinrich-bussmann-schule.de\/index.php?rest_route=%2Fwp%2Fv2%2Fmedia&parent=65"}],"curies":[{"name":"wp","href":"https:\/\/api.w.org\/{rel}","templated":true}]}}