{"id":68,"date":"2021-06-03T14:30:03","date_gmt":"2021-06-03T12:30:03","guid":{"rendered":"https:\/\/www.heinrich-bussmann-schule.de\/?page_id=68"},"modified":"2021-06-06T15:07:34","modified_gmt":"2021-06-06T13:07:34","slug":"streitschlichtung","status":"publish","type":"page","link":"https:\/\/heinrich-bussmann-schule.de\/?page_id=68","title":{"rendered":"Streitschlichtung"},"content":{"rendered":"<p><img fetchpriority=\"high\" decoding=\"async\" class=\"aligncenter wp-image-561 size-large\" src=\"https:\/\/heinrich-bussmann-schule.de\/wp-content\/uploads\/2021\/06\/Streitschlichtung-1024x683.jpg\" alt=\"Streitschlichtung\" width=\"660\" height=\"440\" srcset=\"https:\/\/heinrich-bussmann-schule.de\/wp-content\/uploads\/2021\/06\/Streitschlichtung-1024x683.jpg 1024w, https:\/\/heinrich-bussmann-schule.de\/wp-content\/uploads\/2021\/06\/Streitschlichtung-300x200.jpg 300w, https:\/\/heinrich-bussmann-schule.de\/wp-content\/uploads\/2021\/06\/Streitschlichtung-768x512.jpg 768w, https:\/\/heinrich-bussmann-schule.de\/wp-content\/uploads\/2021\/06\/Streitschlichtung-1536x1024.jpg 1536w, https:\/\/heinrich-bussmann-schule.de\/wp-content\/uploads\/2021\/06\/Streitschlichtung-2048x1365.jpg 2048w, https:\/\/heinrich-bussmann-schule.de\/wp-content\/uploads\/2021\/06\/Streitschlichtung-660x440.jpg 660w, https:\/\/heinrich-bussmann-schule.de\/wp-content\/uploads\/2021\/06\/Streitschlichtung-1000x667.jpg 1000w, https:\/\/heinrich-bussmann-schule.de\/wp-content\/uploads\/2021\/06\/Streitschlichtung-373x248.jpg 373w\" sizes=\"(max-width: 660px) 100vw, 660px\" \/><\/p>\n<p class=\"intro\">Helfen statt wegschauen &#8211; an der Heinrich-Bu\u00dfmann-Schule. Streitschlichter zu sein ist eine tolle Sache und bedeutet auch Verantwortung zu \u00fcbernehmen.<\/p>\n<p><span class=\"dropcap\">U<\/span>nsere Sch\u00fcler:innen helfen bei Streitigkeiten und in Konfliktsituationen und tragen dazu bei, Gewalt zu vermeiden. Das fiedliche Miteinander steht in unserer Schule im Vordergungen.<br \/>\nDie Ausbildung zum Streitschlichter ist bei uns an der Schule fest verankert und zwar ab dem 8. Jahrgang im Wahlpflichtunterricht.<\/p>\n<p class=\"pull-right\">&#8222;Wir m\u00fcssen viel \u00fcber Konflikte und Konfliktl\u00f6sungen lernen und auch etwas dar\u00fcber, wie man Gespr\u00e4che f\u00fchrt. Im Anschluss an unsere Ausbildung haben wir auch eine Pr\u00fcfung abgelegt und ein Zertifikat erhalten.&#8220;<\/p>\n<p>Die wichtigsten Regeln f\u00fcr die Arbeit bei der Streitschlichtung sind:<\/p>\n<ul>\n<li>Jeder l\u00e4sst jeden aussprechen, Schimpfw\u00f6rter sind verboten.<\/li>\n<li>Streitschlichter sind immer neutral, sie halten nicht zu einem der Streitenden.<\/li>\n<li>Das Gespr\u00e4ch ist vertraulich, die Streitschlichter d\u00fcrfen niemandem etwas von der Schlichtung erz\u00e4hlen.<\/li>\n<\/ul>\n<p>Besonders wichtig bei der Streitschlichtung ist auch ein Vertrag, den die Streitschlichter zusammen mit den \u201eStreith\u00e4hnen\u201c ausf\u00fcllen. Er beschreibt den Hergang des Streits und auch die L\u00f6sung, auf die alle sich geeinigt haben. Und an diesen offiziellen Vertrag halten sich dann auch (meistens) alle.<\/p>\n<p>Wenn es also ein Problem gibt, unsere Streitschlichter sind immer in der gro\u00dfen Pause in der Lernbar f\u00fcr euch da, um euch anzuh\u00f6ren und mit euch Termine zu vereinbaren.<\/p>\n<p>\u00dcbrigens, so eine bringt eine Ausbildung zum Streitschlichter bring so ganz nebenbei auch Vorteile f\u00fcr sp\u00e4ter. Zum Beispiel, wenn es mal darum geht, sich f\u00fcr einen Ausbildungsplatz zu bewerben.<\/p>\n<p><img decoding=\"async\" class=\"aligncenter wp-image-562 size-large\" src=\"https:\/\/heinrich-bussmann-schule.de\/wp-content\/uploads\/2021\/06\/Streitschlichtung-2-1024x683.jpg\" alt=\"Streitschlichtung 2\" width=\"660\" height=\"440\" srcset=\"https:\/\/heinrich-bussmann-schule.de\/wp-content\/uploads\/2021\/06\/Streitschlichtung-2-1024x683.jpg 1024w, https:\/\/heinrich-bussmann-schule.de\/wp-content\/uploads\/2021\/06\/Streitschlichtung-2-300x200.jpg 300w, https:\/\/heinrich-bussmann-schule.de\/wp-content\/uploads\/2021\/06\/Streitschlichtung-2-768x512.jpg 768w, https:\/\/heinrich-bussmann-schule.de\/wp-content\/uploads\/2021\/06\/Streitschlichtung-2-1536x1024.jpg 1536w, https:\/\/heinrich-bussmann-schule.de\/wp-content\/uploads\/2021\/06\/Streitschlichtung-2-2048x1365.jpg 2048w, https:\/\/heinrich-bussmann-schule.de\/wp-content\/uploads\/2021\/06\/Streitschlichtung-2-660x440.jpg 660w, https:\/\/heinrich-bussmann-schule.de\/wp-content\/uploads\/2021\/06\/Streitschlichtung-2-1000x667.jpg 1000w, https:\/\/heinrich-bussmann-schule.de\/wp-content\/uploads\/2021\/06\/Streitschlichtung-2-373x248.jpg 373w\" sizes=\"(max-width: 660px) 100vw, 660px\" \/><\/p>\n","protected":false},"excerpt":{"rendered":"<p>Helfen statt wegschauen &#8211; an der Heinrich-Bu\u00dfmann-Schule. Streitschlichter zu sein ist eine tolle Sache und bedeutet auch Verantwortung zu \u00fcbernehmen. Unsere Sch\u00fcler:innen helfen bei Streitigkeiten und in Konfliktsituationen und tragen&hellip; <a class=\"excerpt-more-link\" href=\"https:\/\/heinrich-bussmann-schule.de\/?page_id=68\">Weiterlesen<\/a><\/p>\n","protected":false},"author":2,"featured_media":0,"parent":59,"menu_order":4,"comment_status":"closed","ping_status":"closed","template":"","meta":{"ngg_post_thumbnail":0,"footnotes":""},"class_list":["post-68","page","type-page","status-publish","hentry"],"_links":{"self":[{"href":"https:\/\/heinrich-bussmann-schule.de\/index.php?rest_route=\/wp\/v2\/pages\/68","targetHints":{"allow":["GET"]}}],"collection":[{"href":"https:\/\/heinrich-bussmann-schule.de\/index.php?rest_route=\/wp\/v2\/pages"}],"about":[{"href":"https:\/\/heinrich-bussmann-schule.de\/index.php?rest_route=\/wp\/v2\/types\/page"}],"author":[{"embeddable":true,"href":"https:\/\/heinrich-bussmann-schule.de\/index.php?rest_route=\/wp\/v2\/users\/2"}],"replies":[{"embeddable":true,"href":"https:\/\/heinrich-bussmann-schule.de\/index.php?rest_route=%2Fwp%2Fv2%2Fcomments&post=68"}],"version-history":[{"count":0,"href":"https:\/\/heinrich-bussmann-schule.de\/index.php?rest_route=\/wp\/v2\/pages\/68\/revisions"}],"up":[{"embeddable":true,"href":"https:\/\/heinrich-bussmann-schule.de\/index.php?rest_route=\/wp\/v2\/pages\/59"}],"wp:attachment":[{"href":"https:\/\/heinrich-bussmann-schule.de\/index.php?rest_route=%2Fwp%2Fv2%2Fmedia&parent=68"}],"curies":[{"name":"wp","href":"https:\/\/api.w.org\/{rel}","templated":true}]}}